+ 53*k**2 - 164*k + 135. Give l(-56).
-89
Let s(r) = -r**2 - 254*r - 8012. What is s(-37)?
17
Let k(f) = -2*f**3 - 26*f**2 - 18*f - 245. Give k(-13).
-11
Let b(k) = 27*k - 308. Calculate b(15).
97
Let l(d) = 67*d - 1731. Calculate l(27).
78
Let o(p) = p**3 + 72*p**2 - 159*p - 823. What is o(-74)?
-9
Let q(i) = -56*i + 267. Calculate q(5).
-13
Let j(n) = -237*n + 3287. Give j(14).
-31
Let g(h) = -37*h**2 - 17*h + 78. What is g(4)?
-582
Let j(i) = -16*i + 379. What is j(25)?
-21
Let u(t) = -t**3 - 7*t**2 - 10*t + 30. Calculate u(-9).
282
Let p(k) = k**3 - 55*k**2 - 39*k - 802. What is p(56)?
150
Let m(p) = 10*p**2 + 4265*p + 16896. Determine m(-4).
-4
Let s(l) = 7*l - 3. Give s(-12).
-87
Let v(c) = -c**3 - 86*c**2 + 16*c + 379. Calculate v(-86).
-997
Let d(o) = -210*o + 1254. What is d(6)?
-6
Let i(z) = 325*z - 1630. What is i(5)?
-5
Let r(h) = -5881*h - 23521. Determine r(-4).
3
Let o(h) = -1276*h**2 + 10209*h + 14. Determine o(8).
22
Let x(m) = 27*m + 105. Calculate x(-2).
51
Let t(p) = p**2 + 90*p + 1982. Calculate t(-38).
6
Let a(t) = -t**3 - 9*t**2 + 33*t + 22. What is a(-12)?
58
Let z(a) = a**3 - 17*a**2 + 16*a - 97. What is z(17)?
175
Let w(r) = 26*r + 852. Calculate w(-30).
72
Let i(g) = -6*g**3 - 16*g**2 - 14*g - 3. Determine i(-6).
801
Let c(o) = -2*o**3 + 7*o**2 - 6*o - 5. Give c(2).
-5
Let b(v) = -v**3 - 40*v**2 + 3*v + 66. Determine b(-40).
-54
Let r(n) = 185*n + 274. Calculate r(-3).
-281
Let m(p) = -p**2 + 52*p - 473. Give m(10).
-53
Let b(m) = 18*m + 90. Calculate b(-4).
18
Let c(v) = -2*v**2 - 110*v - 204. Calculate c(-56).
-316
Let y(j) = -12*j - 117. Calculate y(-8).
-21
Let g(n) = 20*n - 18. Give g(-9).
-198
Let c(l) = -3*l**2 - 5*l + 93. What is c(7)?
-89
Let g(u) = -2*u**2 + 10*u + 206. Determine g(13).
-2
Let p(v) = -2*v**3 - 22*v**2 - 270*v - 2965. Give p(-11).
5
Let h(w) = -w**2 - 23*w + 207. Give h(-29).
33
Let y(p) = 137*p - 2632. Give y(18).
-166
Let j(w) = 27*w + 24. Determine j(5).
159
Let a(d) = 2*d**3 + 2*d**2 - 23*d + 82. Give a(3).
85
Let n(f) = 136*f + 1892. Give n(-14).
-12
Let b(w) = 4*w**3 - 194*w**2 + 109*w - 625. Determine b(48).
-1
Let w(o) = -5*o**2 - 90*o - 46. Determine w(-20).
-246
Let l(d) = 218*d - 58. Determine l(-1).
-276
Let z(p) = p**3 - 4*p**2 + 631*p - 1268. Determine z(2).
-14
Let h(l) = -2*l**2 + 127*l - 1693. Determine h(19).
-2
Let o(f) = f + 41. Give o(-41).
0
Let w(n) = n**2 - 97*n - 70. Give w(98).
28
Let h(j) = -j**3 + 50*j**2 + 52*j - 90. Determine h(51).
-39
Let c(t) = 11*t**2 + 44*t + 9. Calculate c(-5).
64
Let q(f) = -3*f - 53. Calculate q(-32).
43
Let n(j) = 61*j + 92. Determine n(4).
336
Let h(w) = 443*w + 384. What is h(-1)?
-59
Let o(s) = 7*s + 137. What is o(-29)?
-66
Let j(s) = s**3 - 10*s**2 + 4*s - 4. What is j(0)?
-4
Let d(h) = -h**2 - 39*h - 319. Determine d(-13).
19
Let r(i) = i**3 - 2*i**2 - 19*i - 100. Calculate r(7).
12
Let h(z) = z**3 + 6*z**2 - 257*z - 1544. Give h(-6).
-2
Let f(w) = -w**3 + 19*w**2 - 20*w - 47. Give f(20).
-847
Let x(f) = 3*f**3 - 23*f**2 - 17*f - 11. Calculate x(8).
-83
Let z(p) = -14*p**3 + 2*p**2 - 62*p + 181. What is z(3)?
-365
Let b(f) = f**3 + 39*f**2 + 364*f - 37. Calculate b(-24).
-133
Let r(d) = -d**3 - 41*d**2 - 54*d - 503. What is r(-40)?
57
Let s(b) = -30*b + 1546. What is s(52)?
-14
Let p(x) = -2*x**2 - 9*x + 224. What is p(9)?
-19
Let k(m) = 51*m + 237. Give k(-3).
84
Let v(x) = -3*x**2 - 27*x - 70. Determine v(-6).
-16
Let p(a) = -a**3 - 116*a**2 - 120*a - 576. Determine p(-115).
-1
Let p(h) = h**3 - 5*h**2 - 75*h + 428. Give p(7).
1
Let f(i) = 92*i + 4740. Calculate f(-52).
-44
Let m(r) = -r**3 - 4*r**2 + 36*r + 114. Determine m(-3).
-3
Let t(z) = 124*z**2 - 998*z + 74. Determine t(8).
26
Let c(u) = 21*u - 510. What is c(23)?
-27
Let r(c) = c**2 + 83*c - 1350. What is r(-97)?
8
Let b(z) = -z**2 + 52*z + 351. Determine b(58).
3
Let n(j) = 1415*j + 15548. Give n(-11).
-17
Let a(n) = -13*n - 26. Calculate a(-8).
78
Let j(y) = -5*y**2 + y + 17. Give j(0).
17
Let m(x) = x**2 + 42*x + 501. What is m(-18)?
69
Let t(q) = 34*q**2 - 511*q + 3. Give t(15).
-12
Let x(o) = -182*o + 353. Give x(4).
-375
Let n(b) = 2*b**2 + 49*b. Determine n(-24).
-24
Let f(g) = -g**3 + 22*g**2 + 242*g - 39. What is f(30)?
21
Let q(s) = -240*s - 9095. What is q(-38)?
25
Let x(w) = 88*w + 690. Give x(-9).
-102
Let t(m) = m**3 - 32*m**2 - 323*m - 31. What is t(-8)?
-7
Let q(i) = 7*i - 418. Determine q(40).
-138
Let c(g) = -12*g**2 + 181*g + 2168. Give c(23).
-17
Let s(d) = -d**3 + 58*d**2 + 63*d - 360. Give s(59).
-124
Let v(b) = -44*b + 261. What is v(6)?
-3
Let t(p) = 142*p + 41744. Calculate t(-294).
-4
Let s(a) = a**3 - 129*a**2 + 375*a + 383. Give s(126).
5
Let b(w) = -5*w**2 - 3*w - 520. Give b(0).
-520
Let o(x) = x**3 + 135*x**2 - 420*x - 810. What is o(-138)?
18
Let h(u) = -1028*u - 2103. Give h(-2).
-47
Let x(c) = 6*c**2 + 90*c - 33. Give x(-19).
423
Let r(d) = d**3 - 8*d**2 - 51*d + 186. What is r(11)?
-12
Let d(o) = 340*o + 9. Give d(-1).
-331
Let a(m) = -2*m**3 + 6*m**2 - 3*m - 53. Determine a(3).
-62
Let v(y) = y**3 - y**2 - 34*y + 72. Determine v(2).
8
Let h(n) = 31*n**2 + 214*n - 278. Calculate h(-8).
-6
Let x(k) = -2*k**3 + 102*k**2 - 1208*k + 360. What is x(18)?
0
Let s(n) = -n**2 - 32*n + 186. Determine s(-39).
-87
Let u(c) = -9*c - 23. Determine u(-11).
76
Let q(w) = -34*w + 859. Determine q(26).
-25
Let l(f) = f**3 - 41*f**2 + 119*f - 162. Give l(38).
28
Let n(h) = -3*h**3 - 5*h**2 + 5*h. Give n(-4).
92
Let r(u) = -22*u + 234. Calculate r(24).
-294
Let d(r) = -35*r**2 - 560*r - 5. Calculate d(-16).
-5
Let r(a) = 21*a**2 - 1319*a - 264. What is r(63)?
-12
Let d(t) = -t**3 - 18*t**2 + 19*t + 1. Give d(1).
1
Let a(x) = 25*x + 21. What is a(-11)?
-254
Let o(b) = -118*b + 2591. Calculate o(21).
113
Let j(p) = 2*p**2 - 53*p - 954. Give j(39).
21
Let k(n) = 11*n**2 + 182*n + 15. What is k(-16)?
-81
Let g(j) = -8*j**3 + 97*j**2 + 11*j - 24. What is g(12)?
252
Let r(y) = -2*y**2 + 254*y - 4437. What is r(106)?
15
Let f(u) = 20*u - 1558. Calculate f(78).
2
Let t(m) = 83806*m + 3. Determine t(0).
3
Let w(i) = 895*i + 6264. What is w(-7)?
-1
Let p(l) = -184*l + 375. What is p(2)?
7
Let x(z) = 2*z**3 - 98*z**2 + z + 117. Calculate x(49).
166
Let k(p) = 15*p - 18. Determine k(0).
-18
Let y(i) = -1556*i + 14007. Determine y(9).
3
Let h(k) = -171*k - 9763. What is h(-57)?
-16
Let i(o) = 157*o - 4638. Give i(29).
-85
Let v(q) = 20*q**2 + 1532*q - 1551. What is v(1)?
1
Let q(a) = -81*a + 2347. Give q(29).
-2
Let g(s) = -s**3 - 10*s**2 - 16*s + 4. What is g(-10)?
164
Let b(o) = -15596*o - 31197. Calculate b(-2).
-5
Let a(f) = -23*f + 465. Calculate a(16).
97
Let f(n) = -n**2 + 54*n - 635. Calculate f(32).
69
Let m(x) = -857*x - 1715. Determine m(-2).
-1
Let t(x) = 192*x + 1920. What is t(-10)?
0
Let k(s) = -470*s - 7054. Give k(-15).
-4
Let a(x) = -2*x**3 - 31*x**2 + 511*x - 9. What is a(10)?
1
Let r(z) = 36*z - 77. What is r(3)?
31
Let d(h) = -137*h - 1305. Determine d(-12).
339
Let i(g) = -g**3 + 13*g**2 - 229*g + 2026. Give i(10).
36
Let k(a) = 29*a - 92. Determine k(4).
24
Let h(v) = -2*v**3 + 9*v**2 - 5*v - 8. Calculate h(3).
4
Let r(n) = -6*n + 16. Calculate r(4).
-8
Let p(i) = i**3 - 5*i**2 + 10*i - 15. Calculate p(2).
-7
Let p(b) = b**2 - 31*b + 10. Give p(15).
-230
Let i(b) = -4*b**3 - 2*b**2 - 7*b - 25. Determine i(-3).
86
Let y(o) = -4*o**2 - 37*o + 173. Give y(-14).
-93
Let l(f) = 3*f + 77. Determine l(26).
155
Let f(g) = g**2 - 24*g - 287. Determine f(27).
-206
Let g(p) = 21*p + 83. What is g(11)?
314
Let u(z) = -201*z**2 - 381*z - 3. Determine u(-2).
-45
Let t(f) = 3*f**2 - 41*f + 22. Determine t(11).
-66
Let r(n) = -2*n**2 - 20*n + 15. Determine r(-15).
-135
Let p(d) = -68*d**2 - 9*d + 1. What is p(-2)?
-253
Let n(c) = 894*c + 3579. What is n(-4)?
3
Let q(i) = -1058*i - 26442. Determine q(-25).
8
Let p(o) = -o**2 + 512*o - 5524. Give p(11).
-13
Let s(z) = -96*z - 1448. What is s(-21)?
568
Let t(w) = w**3 + 3*w**2 + 623*w + 2490. Determine t(-4).
-18
Let m(u) = 547*u + 1008. What is m(-2)?
-86
Let h(y) = 44*y + 4031. Calculate h(-103).
-501
Let w(g) = -3208*g + 51325. What is w(16)?
-3
Let s(v) = v**2 - 290*v + 4316. What is s(16)?
-68
Let v(i) = -269*i - 1446. What is v(-6)?
168
Let v(h) = -h**2 + 209*h - 4921. Determine v(27).
-7
Let w(c) = 4*c